-100011111101
25b (base 16) to base 4
21123
-20101201 (base 3) to base 11
-355a
20c (base 13) to base 4
11132
Convert -11200 (base 3) to base 9.
-150
-3201 (base 11) to base 6
-31340
2a67 (base 11) to base 12
2349
-401011 (base 6) to base 3
-1120222021
What is -1243333 (base 5) in base 12?
-12463
What is -342 (base 16) in base 12?
-596
What is 1101011010100 (base 2) in base 16?
1ad4
What is 211400 (base 7) in base 13?
1383b
-aa1a (base 15) to base 9
-54367
Convert -44247 (base 8) to base 16.
-48a7
920 (base 12) to base 10
1320
4648 (base 14) to base 6
132320
What is -43812 (base 9) in base 14?
-a85c
-1721 (base 13) to base 9
-4605
Convert 3404411 (base 5) to base 9.
101245
Convert 12111320 (base 4) to base 7.
135506
-4058 (base 9) to base 15
-d2e
What is -1101000110101 (base 2) in base 6?
-51021
32476 (base 8) to base 11
a271
Convert -4531 (base 6) to base 9.
-1411
What is -541 (base 9) in base 15?
-1e7
42031 (base 7) to base 9
15127
1569 (base 15) to base 6
33143
Convert -223101 (base 5) to base 4.
-1323131
What is 611 (base 13) in base 4?
100010
What is -13700 (base 10) in base 12?
-7b18
Convert -51aa (base 12) to base 6.
-105134
1101000000001110 (base 2) to base 9
81050
Convert 5365 (base 11) to base 14.
2825
What is 3021324 (base 5) in base 12?
23b83
Convert 12203 (base 4) to base 2.
110100011
Convert -5922 (base 16) to base 7.
-123345
Convert 3ab (base 13) to base 4.
22020
Convert -1437 (base 8) to base 5.
-11144
Convert -131 (base 5) to base 7.
-56
What is -223132 (base 4) in base 2?
-101011011110
-234 (base 6) to base 4
-1132
Convert -6330 (base 8) to base 15.
-e93
What is -111112 (base 3) in base 2?
-101101101
10100111000 (base 2) to base 10
1336
What is -21b (base 15) in base 7?
-1250
1525 (base 10) to base 11
1167
Convert -113614 (base 7) to base 3.
-1001011211
What is -3303 (base 5) in base 11?
-382
What is -338 (base 9) in base 10?
-278
What is 8079 (base 10) in base 16?
1f8f
Convert 2b041 (base 12) to base 15.
12e04
What is 2021220 (base 3) in base 9?
2256
Convert b86 (base 13) to base 5.
30334
-115 (base 16) to base 9
-337
What is -2a61 (base 14) in base 5?
-220113
Convert -402 (base 9) to base 4.
-11012
Convert -38a (base 16) to base 3.
-1020120
-1001110000011 (base 2) to base 14
-1b6b
54eb (base 15) to base 16
464c
What is 693 (base 11) in base 14?
432
61603 (base 7) to base 3
202122021
What is -3aa44 (base 11) in base 7?
-332346
Convert 65030 (base 7) to base 3.
211010212
Convert 131330 (base 4) to base 2.
11101111100
What is 218 (base 12) in base 6?
1232
What is -13a56 (base 16) in base 4?
-103221112
What is 557e (base 15) in base 12?
a59b
What is -20103 (base 5) in base 2?
-10011111110
Convert 6556 (base 7) to base 15.
a64
-80 (base 10) to base 15
-55
What is -1422 (base 16) in base 6?
-35510
What is 15422 (base 6) in base 4?
213212
What is 3242 (base 6) in base 9?
1018
What is 633 (base 12) in base 3?
1020110
Convert 36cb (base 13) to base 5.
222042
What is -17414 (base 13) in base 8?
-127131
What is -141570 (base 8) in base 14?
-14344
What is -201 (base 10) in base 14?
-105
What is 51071 (base 8) in base 2?
101001000111001
Convert -4da (base 16) to base 9.
-1630
1252 (base 10) to base 3
1201101
What is -1657 (base 14) in base 10?
-3997
Convert -1122121 (base 3) to base 15.
-554
-33310 (base 5) to base 12
-1422
Convert -4025 (base 6) to base 2.
-1101110001
What is -5753 (base 9) in base 12?
-2570
What is -1dc (base 15) in base 13?
-273
What is -16146 (base 7) in base 4?
-1012332
Convert -222212 (base 4) to base 9.
-3658
141056 (base 8) to base 10
49710
Convert -131123 (base 5) to base 8.
-12053
2141440 (base 5) to base 3
1212220211
-220 (base 15) to base 6
-2120
What is 1010122010 (base 3) in base 15?
693c
-17568 (base 10) to base 9
-26080
What is 5ab9 (base 16) in base 14?
866d
Convert -8003 (base 10) to base 5.
-224003
What is 7347 (base 9) in base 11?
405a
100221 (base 3) to base 9
327
What is 7534 (base 12) in base 14?
4984
Convert 220201 (base 3) to base 5.
10132
Convert 100000111000010 (base 2) to base 14.
61c6
What is -325553 (base 6) in base 13?
-c504
What is -124444 (base 7) in base 5?
-1220314
What is -737 (base 15) in base 3?
-2020021
343144 (base 5) to base 4
3000023
What is -4887 (base 12) in base 8?
-17747
What is b45 (base 16) in base 13?
140c
Convert -130032 (base 5) to base 3.
-20212211
20463 (base 8) to base 7
33531
-1284 (base 9) to base 11
-7aa
11001 (base 2) to base 5
100
-305122 (base 7) to base 8
-145751
What is -2c5b (base 14) in base 13?
-37b4
Convert -18730 (base 9) to base 10.
-12987
11201102 (base 3) to base 15
1045
What is 392 (base 11) in base 6?
2052
47121 (base 9) to base 15
94b7
Convert 11940 (base 12) to base 11.
16984
What is -11268 (base 10) in base 16?
-2c04
Convert 10111100100111 (base 2) to base 5.
341241
Convert -3016 (base 11) to base 5.
-112020
2540 (base 9) to base 10
1899
-507a (base 12) to base 11
-6620
570 (base 16) to base 3
1220120
Convert 60534 (base 9) to base 15.
bbd7
-10110112 (base 3) to base 12
-1565
Convert -1310 (base 8) to base 6.
-3144
What is -442332 (base 5) in base 9?
-23036
Convert 539 (base 13) to base 6.
4045
Convert 10001010 (base 2) to base 9.
163
-1001102100 (base 3) to base 11
-14625
Convert 201201 (base 4) to base 11.
1680
Convert -997b (base 12) to base 16.
-422f
What is 1100000022 (base 3) in base 7?
136352
Convert 3013322 (base 4) to base 10.
12794
What is -4341 (base 5) in base 9?
-732
Convert 2413 (base 7) to base 3.
1020001
Convert 11111001100 (base 2) to base 7.
5551
1537 (base 11) to base 12
1188
855 (base 11) to base 12
718
What is 3000 (base 6) in base 12?
460
Convert 1000101001000 (base 2) to base 8.
10510
-3b (base 14) to base 12
-45
Convert -13a5 (base 11) to base 8.
-3421
4295 (base 10) to base 5
114140
What is -261 (base 9) in base 6?
-1001
What is -153533 (base 6) in base 10?
-15105
Convert 110120 (base 5) to base 14.
1545
-52b4 (base 12) to base 8
-21550
What is -2e2 (base 15) in base 11?
-552
What is -3032021 (base 4) in base 11?
-9a04
What is -2214423 (base 5) in base 7?
-220640
Convert -21002 (base 4) to base 6.
-2402
Convert -2a8a (base 15) to base 9.
-13464
-111 (base 8) to base 11
-67
4484 (base 14) to base 13
5537
Convert -21132 (base 4) to base 9.
-743
-10001010101110 (base 2) to base 5
-241003
What is -297 (base 10) in base 15?
-14c
-1560 (base 14) to base 15
-11dd
-10110010100011001 (base 2) to base 8
-262431
What is -1021 (base 6) in base 11?
-199
1664 (base 8) to base 10
948
3607a (base 11) to base 16
cb1c
-1203 (base 16) to base 4
-1020003
What is 40ed (base 16) in base 5?
1012441
What is -10001111010000 (base 2) in base 13?
-4233
123130 (base 6) to base 4
2230332
-536 (base 7) to base 4
-10100
-13205 (base 6) to base 16
-7e5
Convert -11011101101 (base 2) to base 6.
-12113
Convert 243400 (base 5) to base 2.
10010000001001
What is 9 (base 15) in base 14?
9
Convert 11322 (base 5) to base 9.
1130
Convert -24 (base 6) to base 11.
-15
What is 30 (base 9) in base 16?
1b
What is 6e0 (base 15) in base 9?
2123
22002 (base 3) to base 8
332
What is -623 (base 10) in base 12?
-43b
Convert 1023000 (base 5) to base 6.
211510
Convert 1415 (base 10) to base 15.
645
-7305 (base 8) to base 9
-5161
What is 359 (base 14) in base 13?
3c4
Convert 4967 (base 14) to base 15.
3c06
What is 31ed (base 16) in base 10?
12781
What is 303222 (base 4) in base 16?
cea
-110524 (base 7) to base 9
-28634
Convert 10111221222 (base 3) to base 13.
25682
-3211103 (base 4) to base 13
-68ab
b1a (base 12) to base 4
121012
2121 (base 5) to base 7
556
167 (base 8) to base 15
7e
What is ba07 (base 12) in base 5?
1123310
Convert 101110000 (base 2) to base 8.
560
-11344 (base 7) to base 12
-1837
1939 (base 10) to base 2
11110010011
adb (base 14) to base 10
2153
Convert 12445 (base 8) to base 3.
21102111
What is -300332 (base 5) in base 3?
-110222122
What is 5c1 (base 15) in base 5?
20211
What is -2858 (base 11) in base 10?
-3693
Convert -143 (base 10) to base 7.
-263
Convert 2054 (base 6) to base 15.
211
What is 841 (base 15) in base 9?
2487
Convert -19ab1 (base 13) to base 3.
-2112211002
Convert 2ca8 (base 15) to base 16.
2588
Convert -153145 (base 7) to base 9.
-45037
Convert 10a (base 16) to base 6.
1122
What is 1522 (base 7) in base 16?
25c
What is -17414 (base 8) 